{"id":80,"date":"2016-03-16T14:16:31","date_gmt":"2016-03-16T13:16:31","guid":{"rendered":"http:\/\/salome-online.com\/capsules\/?page_id=80"},"modified":"2020-04-30T15:44:01","modified_gmt":"2020-04-30T14:44:01","slug":"numeration","status":"publish","type":"page","link":"https:\/\/salome-online.com\/capsules\/numeration\/","title":{"rendered":"Num\u00e9ration"},"content":{"rendered":"<p><img loading=\"lazy\" decoding=\"async\" class=\"wp-image-433 aligncenter\" src=\"https:\/\/salome-online.com\/capsules\/wp-content\/uploads\/2016\/03\/NUMER-1024x829.png\" alt=\"\" width=\"420\" height=\"340\" srcset=\"https:\/\/salome-online.com\/capsules\/wp-content\/uploads\/2016\/03\/NUMER-1024x829.png 1024w, https:\/\/salome-online.com\/capsules\/wp-content\/uploads\/2016\/03\/NUMER-300x243.png 300w, https:\/\/salome-online.com\/capsules\/wp-content\/uploads\/2016\/03\/NUMER-768x622.png 768w, https:\/\/salome-online.com\/capsules\/wp-content\/uploads\/2016\/03\/NUMER.png 1472w\" sizes=\"auto, (max-width: 420px) 100vw, 420px\" \/><\/p>\n<p><span style=\"color: #808080;\">La num\u00e9ration d\u00e9signe le mode de repr\u00e9sentation des nombres : Elle concerne les mots, les gestes et les signes qui ont permis aux diff\u00e9rents peuples d&rsquo;\u00e9noncer, de mimer et d&rsquo;\u00e9crire ces nombres. Aujourd&rsquo;hui, la notation positionnelle que nous utilisons est le principe r\u00e9pandu de mani\u00e8re quasi universelle.<br \/>\n<\/span><\/p>\n<p><span style=\"color: #808080;\"><em>Source : Wikipedia<\/em><\/span><\/p>\n<p>&nbsp;<\/p>\n<div class=\"row\"> <div class=\"col-md-6\">\n<h2>Les grands nombres<\/h2>\n<p><iframe loading=\"lazy\" src=\"https:\/\/www.youtube.com\/embed\/kryLKP0A6j8?rel=0\" allowfullscreen=\"allowfullscreen\" width=\"480\" height=\"360\" frameborder=\"0\"><\/iframe><br \/>\n<\/div><div class=\"col-md-6\">\n<p>&nbsp;<\/p>\n<\/div><\/div>\n<div class=\"row\"> <div class=\"col-md-6\">\n<h2>Les multiples<\/h2>\n<p><iframe loading=\"lazy\" src=\"https:\/\/www.youtube.com\/embed\/7BuXnr0VYV0?rel=0\" allowfullscreen=\"allowfullscreen\" width=\"480\" height=\"360\" frameborder=\"0\"><\/iframe><\/p>\n<\/div><div class=\"col-md-6\">\n<h2>Les fractions<\/h2>\n<p><iframe loading=\"lazy\" src=\"https:\/\/www.youtube.com\/embed\/ont3M5QiZcY?rel=0\" allowfullscreen=\"allowfullscreen\" width=\"480\" height=\"360\" frameborder=\"0\"><\/iframe><\/p>\n<\/div><\/div>\n<div class=\"row\"> <div class=\"col-md-6\">\n<h2>Les fractions d\u00e9cimales<\/h2>\n<p><iframe loading=\"lazy\" src=\"https:\/\/www.youtube.com\/embed\/Fbp_h2h4lAg?rel=0\" allow=\"accelerometer; autoplay; encrypted-media; gyroscope; picture-in-picture\" allowfullscreen=\"\" width=\"560\" height=\"315\" frameborder=\"0\"><\/iframe><br \/>\n&nbsp;<\/p>\n<\/div><div class=\"col-md-6\">\n<h2>Les nombres d\u00e9cimaux<\/h2>\n<p><iframe loading=\"lazy\" src=\"https:\/\/www.youtube.com\/embed\/Fh87b_19gYg?rel=0\" allowfullscreen=\"allowfullscreen\" width=\"480\" height=\"360\" frameborder=\"0\"><\/iframe><\/p>\n<\/div><\/div>\n<p style=\"text-align: center;\"><a class=\"fasc-button fasc-size-large fasc-type-glossy fasc-rounded-medium fasc-ico-before dashicons-admin-home\" style=\"background-color: #8111d6; color: #ffffff;\" href=\"https:\/\/salome-online.com\/capsules\/\">Accueil<\/a><\/p>\n<p style=\"margin: 0in; font-family: Calibri; font-size: 12.0pt;\"><span style=\"font-weight: bold;\">Attendus de fin de cycle <\/span><\/p>\n<p style=\"margin: 0in; font-family: Calibri; font-size: 11.0pt;\">\nUtiliser et repr\u00e9senter les grands nombres entiers, des fractions simples, les nombres d\u00e9cimaux.<\/p>\n<h4 style=\"margin: 0in; font-family: Calibri; font-size: 11.0pt;\">\n<strong>Connaissances et comp\u00e9tences associ\u00e9es<\/strong><\/h4>\n<p style=\"margin: 0in; font-family: Calibri; font-size: 11.0pt;\">Composer, d\u00e9composer les grands nombres entiers, en utilisant des regroupements par milliers.<\/p>\n<ul style=\"margin-left: .375in; direction: ltr; unicode-bidi: embed; margin-top: 0in; margin-bottom: 0in;\" type=\"disc\">\n<li style=\"margin-top: 0; margin-bottom: 0; vertical-align: middle;\"><span style=\"font-family: Calibri; font-size: 11.0pt;\"><em>Unit\u00e9s de num\u00e9ration (unit\u00e9s simples, dizaines, centaines, milliers, millions, milliards) et leurs relations.<\/em> <\/span><\/li>\n<\/ul>\n<p style=\"margin: 0in; font-family: Calibri; font-size: 11.0pt;\">Comprendre et appliquer les r\u00e8gles de la num\u00e9ration aux grands nombres (jusqu&rsquo;\u00e0 12 chiffres).<\/p>\n<p style=\"margin: 0in; font-family: Calibri; font-size: 11.0pt;\">Comparer, ranger, encadrer des grands nombres entiers, les rep\u00e9rer et les placer sur une demi-droite gradu\u00e9e adapt\u00e9e.<\/p>\n<p style=\"margin: 0in; font-family: Calibri; font-size: 11.0pt;\">Comprendre et utiliser la notion de fractions simples.<\/p>\n<ul style=\"margin-left: .375in; direction: ltr; unicode-bidi: embed; margin-top: 0in; margin-bottom: 0in;\" type=\"disc\">\n<li style=\"margin-top: 0; margin-bottom: 0; vertical-align: middle;\"><em><span style=\"font-family: Calibri; font-size: 11pt;\">\u00c9critures fractionnaires. <\/span><\/em><\/li>\n<li style=\"margin-top: 0; margin-bottom: 0; vertical-align: middle;\"><span style=\"font-family: Calibri; font-size: 11.0pt;\"><em>Diverses d\u00e9signations des fractions (orales, \u00e9crites et d\u00e9compositions).<\/em> <\/span><\/li>\n<\/ul>\n<p style=\"margin: 0in; font-family: Calibri; font-size: 11.0pt;\">Rep\u00e9rer et placer des fractions sur une demi-droite gradu\u00e9e adapt\u00e9e.<\/p>\n<ul style=\"margin-left: .375in; direction: ltr; unicode-bidi: embed; margin-top: 0in; margin-bottom: 0in;\" type=\"disc\">\n<li style=\"margin-top: 0; margin-bottom: 0; vertical-align: middle;\"><span style=\"font-family: Calibri; font-size: 11.0pt;\"><em>Une premi\u00e8re extension de la relation d&rsquo;ordre.<\/em> <\/span><\/li>\n<\/ul>\n<p style=\"margin: 0in; font-family: Calibri; font-size: 11.0pt;\">Encadrer une fraction par deux nombres entiers cons\u00e9cutifs.<\/p>\n<p style=\"margin: 0in; font-family: Calibri; font-size: 11.0pt;\">\u00c9tablir des \u00e9galit\u00e9s entre des fractions simples.<\/p>\n<p style=\"margin: 0in; font-family: Calibri; font-size: 11.0pt;\">Comprendre et utiliser la notion de nombre d\u00e9cimal.<\/p>\n<ul style=\"margin-left: .375in; direction: ltr; unicode-bidi: embed; margin-top: 0in; margin-bottom: 0in;\" type=\"disc\">\n<li style=\"margin-top: 0; margin-bottom: 0; vertical-align: middle;\"><span style=\"font-family: Calibri; font-size: 11.0pt;\"><em>Sp\u00e9cificit\u00e9s des nombres d\u00e9cimaux.<\/em> <\/span><\/li>\n<\/ul>\n<p style=\"margin: 0in; font-family: Calibri; font-size: 11.0pt;\">Associer diverses d\u00e9signations d&rsquo;un nombre d\u00e9cimal (fractions d\u00e9cimales, \u00e9critures \u00e0 virgule et d\u00e9compositions).<\/p>\n<ul style=\"margin-left: .375in; direction: ltr; unicode-bidi: embed; margin-top: 0in; margin-bottom: 0in;\" type=\"disc\">\n<li style=\"margin-top: 0; margin-bottom: 0; vertical-align: middle;\"><em><span style=\"font-family: Calibri; font-size: 11pt;\">R\u00e8gles et fonctionnement des syst\u00e8mes de num\u00e9ration dans le champ des nombres d\u00e9cimaux, relations entre unit\u00e9s de <\/span><\/em><\/li>\n<\/ul>\n<p style=\"margin: 0in; font-family: Calibri; font-size: 11.0pt;\"><em>num\u00e9ration (point de vue d\u00e9cimal), valeurs des chiffres en fonction de leur rang dans l&rsquo;\u00e9criture \u00e0 virgule d&rsquo;un nombre<\/em><\/p>\n<p style=\"margin: 0in; font-family: Calibri; font-size: 11.0pt;\"><em>d\u00e9cimal (point de vue positionnel).<\/em><\/p>\n<p style=\"margin: 0in; font-family: Calibri; font-size: 11.0pt;\">Rep\u00e9rer et placer des d\u00e9cimaux sur une demi-droite gradu\u00e9e adapt\u00e9e.<\/p>\n<p style=\"margin: 0in; font-family: Calibri; font-size: 11.0pt;\">Comparer, ranger, encadrer, intercaler des nombres d\u00e9cimaux.<\/p>\n<p style=\"margin: 0in; font-family: Calibri; font-size: 11.0pt;\">Ordre sur les nombres d\u00e9cimaux.<\/p>\n<p>&nbsp;<\/p>\n<p>&nbsp;<\/p>\n<p>&nbsp;<\/p>\n","protected":false},"excerpt":{"rendered":"<p>La num\u00e9ration d\u00e9signe le mode de repr\u00e9sentation des nombres : Elle concerne les mots, les gestes et les signes qui ont permis aux diff\u00e9rents peuples d&rsquo;\u00e9noncer, de mimer et d&rsquo;\u00e9crire ces nombres. Aujourd&rsquo;hui, la notation positionnelle que nous utilisons est &hellip; <a href=\"https:\/\/salome-online.com\/capsules\/numeration\/\">Lire la suite<\/a><\/p>\n","protected":false},"author":1,"featured_media":0,"parent":0,"menu_order":0,"comment_status":"closed","ping_status":"closed","template":"","meta":{"om_disable_all_campaigns":false,"kt_blocks_editor_width":"","_monsterinsights_skip_tracking":false,"_monsterinsights_sitenote_active":false,"_monsterinsights_sitenote_note":"","_monsterinsights_sitenote_category":0,"_uf_show_specific_survey":0,"_uf_disable_surveys":false,"footnotes":""},"class_list":["post-80","page","type-page","status-publish","hentry"],"aioseo_notices":[],"_links":{"self":[{"href":"https:\/\/salome-online.com\/capsules\/wp-json\/wp\/v2\/pages\/80","targetHints":{"allow":["GET"]}}],"collection":[{"href":"https:\/\/salome-online.com\/capsules\/wp-json\/wp\/v2\/pages"}],"about":[{"href":"https:\/\/salome-online.com\/capsules\/wp-json\/wp\/v2\/types\/page"}],"author":[{"embeddable":true,"href":"https:\/\/salome-online.com\/capsules\/wp-json\/wp\/v2\/users\/1"}],"replies":[{"embeddable":true,"href":"https:\/\/salome-online.com\/capsules\/wp-json\/wp\/v2\/comments?post=80"}],"version-history":[{"count":28,"href":"https:\/\/salome-online.com\/capsules\/wp-json\/wp\/v2\/pages\/80\/revisions"}],"predecessor-version":[{"id":530,"href":"https:\/\/salome-online.com\/capsules\/wp-json\/wp\/v2\/pages\/80\/revisions\/530"}],"wp:attachment":[{"href":"https:\/\/salome-online.com\/capsules\/wp-json\/wp\/v2\/media?parent=80"}],"curies":[{"name":"wp","href":"https:\/\/api.w.org\/{rel}","templated":true}]}}